(-6 - -7)
5
What is 7 + -19 + 1 + 7?
-4
10 - (9 - (-5 - -6))
2
4 + -5 + 1 - (1 - 2)
1
Evaluate 1 + -6 + 5 + 1.
1
Calculate 15 + 0 + 5 + -15 + 3.
8
What is the value of -13 + (10 - 6) + (1 - -1)?
-7
5 + 6 + -5 - 3
3
Evaluate 3 + 5 + (2 - 8).
2
Calculate 6 + -1 + -3 + (-7 - -3).
-2
Evaluate -1 - (-2 + (-3 - 0) - 0).
4
What is the value of 1 + (-6 - -6) - 1?
0
4 + (1 - -1) + -8
-2
What is the value of (6 - 3 - -3) + (44 - 48)?
2
What is the value of (2 - 4 - -1) + -1?
-2
Evaluate -1 - (2 - -3) - (65 - 63).
-8
2 + 0 + (-1 + 4 - 3)
2
Calculate (4 - 9) + 7 - (-1 + 5).
-2
Evaluate -10 - (-12 + (8 - 0)).
-6
What is -2 - ((-3 - -7) + -8)?
2
Evaluate -1 + -3 + 20 + 0 + -10.
6
1 - (2 - (4 - 3) - -3)
-3
Calculate -2 + (0 - (-4 - -1)).
1
Evaluate -15 + 8 + -6 - -10.
-3
What is 11 + -22 + 11 + -2?
-2
What is -6 - ((-3 - -5 - 2) + -1)?
-5
Evaluate (6 - -1) + -32 + 29.
4
Evaluate 2 - (1 + (-6 - -3) + 0).
4
9 - (0 - -2 - -4)
3
Calculate 1 + -3 - (-3 - 1).
2
What is 0 - 7 - (-6 - (-2 + 11))?
8
(-1 - -13) + -5 + -4
3
What is the value of (4 - 0) + (-1 + 7 - 7)?
3
Evaluate 4 - (-6 + 6 + -1 + 12).
-7
Calculate 1 + 4 - (-2 - -9).
-2
Calculate 2 - 3 - -1 - (-7 - -3).
4
Calculate 10 + (-6 - 0 - -1).
5
What is the value of (0 - 2 - -2) + -5?
-5
Calculate -4 + -3 + (4 - -4).
1
What is the value of (-1 - 0 - -6 - 3) + 0?
2
Evaluate -430 + 433 - (-3 - 0 - -1).
5
What is 4 + 7 + (4 - (24 - 2))?
-7
2 - (9 - 4) - -1 - -3
1
Calculate -1 + 3 + (35 - 40).
-3
Calculate -23 - (-8 + -5) - -9.
-1
What is 4 - (-2 + 4 + -1) - 0?
3
What is the value of 1 - 2 - (-6 + 5) - -2?
2
What is the value of -3 + 5 - (-3 - 3)?
8
What is the value of (-2 + 0 - -4) + 0?
2
Calculate 2 + (-4 - (9 - 9)).
-2
Evaluate 2 - (-4 + 3 + 3 + 1).
-1
What is 34 + -37 - (1 - -3 - 3)?
-4
What is the value of (-1 - 7 - -6) + (0 - -6)?
4
(-1 - -3) + (-1 - -4) + -2
3
Evaluate 4 - (5 + -12 + 7 + 0).
4
Calculate 3 + 1 + 0 + -2 + 2.
4
Calculate -1 + (17 - 8) + -6.
2
Evaluate 1 + (3 - 5) + 2 + 7.
8
What is 3 + (-9 - 0) + 11?
5
Evaluate -1 - (3 + -5 + -2 + 2).
1
What is the value of 10 + (-2 - (8 - 5))?
5
-3 + 3 + -4 - -2
-2
What is the value of 5 + (-10 + 5 - -1)?
1
What is the value of 2 + (-13 - -9 - -1)?
-1
Calculate (0 - (-3 + -1)) + (-10 - 2).
-8
What is (13 - 1) + -37 + 34?
9
What is the value of 0 - 8 - (-5 - (-12 + 11))?
-4
Calculate 6 - (-2 - -3) - 1 - 2.
2
What is -4 + 9 + 4 - 11?
-2
Calculate 3 - 0 - (2 - (6 + -1)).
6
5 - 0 - 2 - (1 - -2)
0
What is the value of -2 - (0 + -6 - -1)?
3
Calculate 5 - 0 - (-4 - -5).
4
Calculate 2 + -2 - 3 - 2.
-5
What is the value of 0 + 8 + (-23 + 13 - -5)?
3
-3 + -5 + 10 - (-1 - -5)
-2
Calculate -3 + (1 - 4) + (-5 - -12).
1
Evaluate 9 - 16 - (-4 - -2).
-5
What is (-2 - -3) + (-4 - -1) - -7?
5
Evaluate 0 + 10 + -1 + -4 - 4.
1
What is -6 + (0 - (-8 + 2))?
0
0 + 0 - (-5 + 0 - -7)
-2
Evaluate 0 - 2 - (-7 - (5 - 13)).
-3
1 + -4 + 5 + -6
-4
What is 2 + -1 + 0 + 1?
2
5 - (0 - -3) - -3
5
Evaluate 13 + -12 + -1 + 2.
2
What is the value of 1 - (2 + (-4 - -7 - -1))?
-5
Calculate -13 + (-3 - -5) + 8.
-3
Evaluate -2 - (-3 - -8) - -5.
-2
Evaluate 13 - 6 - 16 - -7.
-2
Evaluate -2 - -11 - (-5 + (-5 - -15)).
4
Calculate -5 + (1 + -3 - (-7 + 3)).
-3
What is -14 - (-17 - -12) - -9?
0
What is the value of -4 + 2 - -2 - -5?
5
Evaluate -2 - (-2 - (1 + (1 - 0))).
2
Calculate (2 - (8 - 2 - 12)) + -4.
4
Calculate -4 + -1 + 1 - (-15 - -6).
5
Calculate (5 - 5 - 3) + 0 - -3.
0
Calculate 3 + 3 + (3 - 9).
0
Calculate 2 + (4 - (-2 - (-4 + 1))).
5
Evaluate -1 + -3 + 17 + -18.
-5
What is the value of 0 - (4 + 0) - (-2 + 1)?
-3
(5 - -1) + (2 - -1 - 3)
6
What is the value of (-9 + 2 - (-22 - -3)) + -4?
8
What is -5 + 2 + 2 - (-2 - 2)?
3
Evaluate 3 + (-9 + 9 - -2).
5
What is the value of (1 - -2) + -7 + 6 - 7?
-5
-1 - (0 + -4 - -3 - 0)
0
Evaluate (-2 - -11) + -11 - -11.
9
What is the value of (-4 - -13) + -12 - (2 - 10)?
5
-8 + 0 - (-1 + 0 + -1)
-6
1 + -10 + 5 + 3
-1
What is 3 + -4 - (3 + -6)?
2
What is the value of -1 - 8 - -11 - 2?
0
What is the value of -3 + -2 + 10 + (7 - 6)?
6
Evaluate -13 + 10 - (-6 - (2 - 4)).
1
What is (10 - 9 - 6) + 0?
-5
What is 11 - 4 - 1 - 0?
6
Calculate -2 - -7 - -6 - 7.
4
What is 0 - 4 - 0 - (2 + -3)?
-3
What is (-11 - -4) + 13 - (-3 + 5)?
4
Evaluate ((-3 - -6) + 10 - -1) + -7.
7
What is -5 + 6 - (8 + -5) - -8?
6
(-4 - -3) + (12 + -3 - 3)
5
What is (-1 - -4) + -5 - -6?
4
Evaluate 3 + -1 - 3 - 4.
-5
What is the value of (-11 - (0 + -3)) + 7?
-1
What is 1 + 0 + (7 - 5) - 7?
-4
What is the value of -9 + 22 + (17 - 25)?
5
Evaluate 2 - (-1 - ((2 - 1) + -4)).
0
Calculate 2 + (0 - 3) - (0 + 2).
-3
What is -11 + (14 - 10) - (1 + -6)?
-2
Calculate (-1 - (-8 + 4) - 3) + -4.
-4
(-2 - 1) + (-7 - -4) + 8
2
What is the value of -1 + -3 + -5 + 4 + 6?
1
(-2 - (-2 - -4)) + 6
2
Calculate -16 + 7 - (1 + -12).
2
What is 0 + (-2 + 3 + 1 - 0)?
2
Evaluate (0 - 6) + 13 + (-10 - -1).
-2
What is the value of (-1 - 5) + (2 - -1) + -2?
-5
What is the value of 0 + -8 + (0 + 5 - 2)?
-5
What is the value of 10 + -2 + -9 + -4?
-5
What is 2 + 0 + 7 + (-1 - 7)?
1
What is the value of -6 + (7 - -1) + (-6 - 0)?
-4
Calculate -2 + (-2 - 2 - -3).
-3
Evaluate -13 + -6 + 15 + 7.
3
Calculate -3 + -7 + 4 + 2.
-4
What is the value of 10 - ((-2 - -8) + 10)?
-6
What is -3 - -1 - -3 - (17 - 20)?
4
3 + (-3 - -5 - 13) + 3
-5
What is the value of -7 + 3 + (-2 - -8)?
2
Evaluate -3 - (-5 - 1) - (8 + -3).
-2
-10 - -3 - (0 + -2)
-5
Calculate 2 + 0 + (-39 - -34).
-3
What is 5 - (-2 + 4 + 1 + 3)?
-1
Calculate -3 + -4 + -1 + 4.
-4
Evaluate -5 + (-2 - (3 - (11 - 4))).
-3
What is 5 - (4 - (-6 + 0)) - -11?
6
Evaluate (3 + -2 - -11) + -7.
5
What is 1 + 1 + -3 + (-2 - -1)?
-2
55 + -57 - (1 - -2 - 0)
-5
What is (3 - (0 - -4)) + 1?
0
Calculate -1 - 4 - (-5 - 3).
3
What is the value of 1 + -6 + (-3 - -12)?
4
What is the value of -4 + -1 + 3 + 1 - 0?
-1
3 - (-6 + 9) - -4
4
What is (-2 - (-2 - 0)) + -2?
-2
Evaluate 4 - ((-7 - -3) + 10 - -1).
-3
Calculate -5 + (-7 - -23 - 7) + -3.
1
What is the value of 1 + 2 - (-41 + 45)?
-1
5 + (-3 - -2) + 1
5
Evaluate -10 + 8 - ((0 - 1) + 2).
-3
What is (3 - -2) + -4 + 4 + 0?
5
What is the value of 1 - (8 + 0) - (11 - 28)?
10
What is -3 + (4 + -3 - (-5 + 1))?
2
What is 2 + (-4 - -7) + -1?
4
Calculate 2 - ((9 - -2) + (-1 - 3)).
-5
What is the value of -2 + -4 - (-4 - -2)?
-4
What is -1 - (-22 + 21 + 2 + -3)?
1
-5 - -4 - (21 - 16)
-6
What is (3 - -3) + -3 + -4?
-1
What is (3 - 7 - 1) + (-13 - -22)?
4
Calculate -16 + 5 - -3 - -4.
-4
What is 11 + -10 + 5 + -2 + -12?
-8
What is the value of (3 - (0 - -1)) + (19 - 20)?
1
What is the value of -4 + 5 + -5 - (2 + -4)?
-2
What is 7 - ((13 - -2) + -5)?
-3
Evaluate -6 - 2 - (-11 + 7).
-4
What is (-1 - -4) + 8 - 8?
3
1 - (-4 + 4 - -5) - -6
2
What is the value of -3 - (12 + -5 + -5)?
-5
What is 5 - (-10 - (-21 - -4))?
-2
34 - 33 - (0 - 0)
1
Evaluate (-1 - 2 - -1) + 6.
4
Evaluate 2 + (-6 - -6) + 1 + 0.
3
Calculate 8 + 2 + 2 + -6.
6
Calculate -1 + 0 + (0 - -3).
2
Evaluate -3 + (5 - 3) + -1.
-2
2 + 5 + -10 - -10 - 1
6
-12 + -8 + 18 + (-1 - -1)
-2
Calculate 86 + -76 - (-1 + 3) - 3.
5
Calculate -9 - (-5 - (-5 - -15)).
6
What is the value of -4 - (2 + -5 - -1)?
-2
What is (-2 - (3 + -7)) + 1?
3
What is the value of -8 - (-4 - 14) - 7?
3
What is the value of (-23 - -10) + 8 - -13?
8
What is the value of -1 - (-2 - -4 - 5)?
2
Evaluate (-2 - 4) + 6 + (2 - 5).
-3
Evaluate -6 - (0 - -5 - (39 - 30)).
-2
Calculate -3 - -3 - (-8 - -4) - 2.
2
Evaluate 12 - 8 - -5 - 1.
8
Evaluate 3 + -2 + 0 + -3.
-2
Evaluate -3 + 0 + (-2 - (-10 - -3)).
2
Evaluate 14 - (-5 + 2 + 12).
5
What is 7 - (5 - 4 - -13)?
-7
Evaluate 2 + 4 + (3 + -2 - 3).
4
Calculate 0 + (4 - (2 - -1)).
1
Calculate (19 - 21) + 3 + 0.
1
What is 2 - (-8 - -11 - (6 - 1))?
4
Evaluate -15 + -4 + 4 - -12.
-3
Calculate -6 - -5 - (0 + 2 + 0).
-3
Evaluate (0 + -8 - -15) + (-6 - -1).
2
What is the value of 9 - (7 - 1 - -7)?
-4
What is the value of -4 + 7 + -7 + -2?
-6
(-4 - -4) + 0 + 4
4
Evaluate 2 + 0 + 2 + (0 - 1).
3
What is the value of -3 + 6 + (1 - 2)?
2
Calculate -5 + 7 + 0 + 0 - 2.
0
-4 + 6 + (-3 - 0) + -3
-4
Calculate 1 + -2 + -3 + 1 - 0.
-3
(3 - 5 - (3 - 4)) + 3
2
Calculate 10 + -6 + (0 - 1).
3
What is (-4 - -7) + -1 + 0?
2
Evaluate 0 - (-4 + (-2 - -4) + 0).
2
What is the value of 7 - 6 - (5 + -1)?
-3
Evaluate 1 + (2 - (-6 - -5)) -